 5
2
What is -71 (base 14) in base 5?
-344
What is 0 (base 2) in base 4?
0
-b2 (base 13) to base 12
-101
-4 (base 5) to base 10
-4
Convert -4 (base 11) to base 15.
-4
37 (base 10) to base 15
27
Convert 262 (base 8) to base 14.
ca
What is -3 (base 11) in base 8?
-3
14 (base 8) to base 9
13
What is -3 (base 12) in base 5?
-3
Convert -57 (base 13) to base 2.
-1001000
-9a (base 14) to base 6
-344
What is -113 (base 10) in base 9?
-135
What is -a (base 13) in base 7?
-13
-10111011 (base 2) to base 16
-bb
What is -21 (base 5) in base 7?
-14
-111 (base 7) to base 5
-212
What is 68 (base 14) in base 13?
71
Convert -316 (base 7) to base 4.
-2200
Convert 2 (base 9) to base 8.
2
Convert 46 (base 10) to base 7.
64
-166 (base 13) to base 4
-3331
-10 (base 15) to base 10
-15
Convert 1 (base 16) to base 9.
1
Convert -5 (base 15) to base 6.
-5
What is 0 (base 14) in base 7?
0
-21 (base 8) to base 10
-17
16 (base 7) to base 5
23
What is -4 (base 5) in base 3?
-11
8 (base 16) to base 11
8
What is 4 (base 6) in base 13?
4
What is -128 (base 15) in base 8?
-407
Convert 2 (base 6) to base 12.
2
What is -11 (base 2) in base 7?
-3
-100 (base 3) to base 2
-1001
20 (base 8) to base 13
13
What is -7 (base 12) in base 15?
-7
What is -100 (base 2) in base 12?
-4
Convert 7 (base 13) to base 14.
7
What is -20 (base 14) in base 3?
-1001
Convert -22 (base 6) to base 14.
-10
Convert -11 (base 8) to base 10.
-9
What is 0 (base 5) in base 15?
0
Convert -213 (base 9) to base 16.
-ae
What is 0 (base 16) in base 4?
0
Convert 3 (base 11) to base 3.
10
What is 2 (base 15) in base 12?
2
What is -242 (base 9) in base 2?
-11001000
Convert -19 (base 16) to base 13.
-1c
Convert -2 (base 6) to base 2.
-10
1 (base 7) to base 6
1
Convert 51 (base 16) to base 7.
144
6 (base 16) to base 2
110
What is 4 (base 5) in base 16?
4
What is -1a (base 16) in base 8?
-32
What is 2 (base 13) in base 15?
2
What is -24 (base 6) in base 4?
-100
122 (base 10) to base 9
145
What is 13 (base 4) in base 12?
7
What is 4 (base 12) in base 6?
4
What is 0 (base 8) in base 13?
0
What is 40 (base 12) in base 14?
36
27 (base 16) to base 7
54
23 (base 12) to base 4
123
What is -11 (base 13) in base 4?
-32
What is -11 (base 3) in base 4?
-10
What is -31 (base 8) in base 10?
-25
What is -10 (base 4) in base 3?
-11
Convert -10020 (base 3) to base 16.
-57
What is -2 (base 3) in base 14?
-2
-31 (base 6) to base 5
-34
-1011110 (base 2) to base 16
-5e
2 (base 10) to base 16
2
Convert -112 (base 4) to base 13.
-19
-5c (base 14) to base 13
-64
9 (base 12) to base 2
1001
274 (base 8) to base 11
161
Convert -2e (base 16) to base 7.
-64
-4 (base 5) to base 12
-4
What is -bf (base 16) in base 3?
-21002
222 (base 4) to base 2
101010
-331 (base 8) to base 16
-d9
What is -2 (base 6) in base 3?
-2
What is -17b (base 16) in base 14?
-1d1
What is -5 (base 10) in base 3?
-12
What is 13 (base 4) in base 3?
21
What is 1111 (base 2) in base 11?
14
Convert 2 (base 16) to base 11.
2
What is -4 (base 13) in base 6?
-4
7 (base 15) to base 10
7
What is -214 (base 10) in base 2?
-11010110
What is 10 (base 3) in base 9?
3
What is -100 (base 2) in base 10?
-4
Convert 1 (base 15) to base 9.
1
Convert 10 (base 3) to base 8.
3
Convert 3 (base 13) to base 12.
3
Convert -21 (base 3) to base 11.
-7
Convert c (base 13) to base 8.
14
1344 (base 5) to base 9
268
-40 (base 5) to base 8
-24
6 (base 15) to base 9
6
What is 17 (base 16) in base 6?
35
Convert 52 (base 14) to base 16.
48
What is -e1 (base 15) in base 14?
-111
Convert -368 (base 9) to base 11.
-258
Convert 165 (base 13) to base 6.
1100
-15 (base 15) to base 9
-22
-1 (base 6) to base 14
-1
Convert -4 (base 15) to base 2.
-100
1001001 (base 2) to base 15
4d
What is -11 (base 6) in base 14?
-7
What is -11 (base 5) in base 3?
-20
-2 (base 16) to base 3
-2
Convert -11 (base 3) to base 12.
-4
Convert 11 (base 8) to base 11.
9
Convert -27 (base 9) to base 2.
-11001
What is -4 (base 5) in base 9?
-4
What is -6 (base 13) in base 6?
-10
-1 (base 5) to base 10
-1
17e (base 16) to base 12
27a
Convert -44 (base 7) to base 16.
-20
What is -25 (base 8) in base 12?
-19
Convert 3 (base 9) to base 14.
3
100 (base 2) to base 8
4
Convert -11000 (base 3) to base 8.
-154
What is 11 (base 3) in base 8?
4
110 (base 4) to base 13
17
What is 11212 (base 3) in base 7?
245
What is 100 (base 9) in base 5?
311
What is 2 (base 6) in base 10?
2
What is -131 (base 4) in base 6?
-45
-1 (base 3) to base 4
-1
Convert -11 (base 4) to base 9.
-5
Convert 4c (base 16) to base 3.
2211
17 (base 16) to base 8
27
What is 1040 (base 5) in base 14?
a5
What is -7 (base 9) in base 14?
-7
-20 (base 4) to base 15
-8
1 (base 14) to base 11
1
123 (base 4) to base 3
1000
What is 10000 (base 2) in base 12?
14
What is -137 (base 13) in base 7?
-425
Convert 114 (base 8) to base 9.
84
What is 110 (base 2) in base 3?
20
What is -37 (base 14) in base 2?
-110001
Convert 3 (base 15) to base 12.
3
What is -13 (base 4) in base 11?
-7
What is 3 (base 6) in base 13?
3
Convert -1025 (base 6) to base 11.
-1a2
Convert 18 (base 14) to base 16.
16
What is 100 (base 10) in base 4?
1210
-115 (base 7) to base 2
-111101
Convert -4 (base 14) to base 7.
-4
Convert 127 (base 9) to base 16.
6a
What is -102 (base 10) in base 4?
-1212
What is 4 (base 13) in base 11?
4
-2 (base 5) to base 8
-2
13c (base 13) to base 2
11011100
Convert -1 (base 5) to base 15.
-1
-55 (base 10) to base 12
-47
Convert -124 (base 8) to base 2.
-1010100
Convert -25 (base 16) to base 9.
-41
What is -23 (base 9) in base 7?
-30
What is -1 (base 11) in base 16?
-1
Convert -33 (base 9) to base 11.
-28
What is -122 (base 7) in base 10?
-65
Convert -1221 (base 4) to base 10.
-105
Convert 4 (base 16) to base 7.
4
What is 14 (base 5) in base 4?
21
Convert -10 (base 13) to base 16.
-d
-1 (base 14) to base 5
-1
-10c (base 13) to base 6
-501
What is 12 (base 7) in base 5?
14
-2 (base 15) to base 4
-2
Convert d (base 14) to base 3.
111
-7 (base 15) to base 4
-13
Convert -191 (base 14) to base 5.
-2243
What is -10020 (base 3) in base 8?
-127
What is 10 (base 7) in base 13?
7
5 (base 8) to base 16
5
What is 6 (base 12) in base 6?
10
What is -18 (base 13) in base 10?
-21
What is 24 (base 9) in base 16?
16
1 (base 4) to base 14
1
2 (base 6) to base 4
2
Convert -3 (base 14) to base 12.
-3
-11001 (base 2) to base 6
-41
What is 30 (base 10) in base 12?
26
15 (base 10) to base 2
1111
Convert 2 (base 14) to base 11.
2
What is 10 (base 7) in base 12?
7
-6 (base 9) to base 13
-6
What is 0 (base 7) in base 9?
0
17 (base 9) to base 11
15
-10021 (base 3) to base 15
-5d
What is 6 (base 10) in base 4?
12
160 (base 7) to base 6
231
a (base 11) to base 7
13
Convert -14 (base 6) to base 8.
-12
Convert 1 (base 5) to base 7.
1
What is -524 (base 8) in base 5?
-2330
220 (base 6) to base 14
60
Convert 2 (base 14) to base 8.
2
Convert -26 (base 7) to base 12.
-18
-114 (base 10) to base 2
-1110010
What is 2 (base 14) in base 6?
2
-6 (base 12) to base 13
-6
What is 14 (base 9) in base 16?
d
What is 233 (base 12) in base 8?
507
1012 (base 3) to base 14
24
What is -a (base 12) in base 8?
-12
Convert -3 (base 15) to base 11.
-3
Convert -8 (base 9) to base 3.
-22
Convert -3 (base 9) to base 16.
-3
Convert 110 (base 5) to base 15.
20
Convert 1 (base 7) to base 3.
1
What is 1a (base 14) in base 9?
26
Convert -77 (base 8) to base 12.
-53
11 (base 4) to base 5
10
Convert 122 (base 13) to base 5.
1242
What is 0 (base 10) in base 3?
0
-8 (base 12) to base 6
-12
What is 53 (base 9) in base 5?
143
Convert 0 (base 10) to base 6.
0
-3 (base 11) to base 3
-10
-100111101 (base 2) to base 3
-102202
-8 (base 15) to base 4
-20
Convert -101 (base 5) to base 13.
-20
107 (base 11) to base 12
a8
What is -41 (base 6) in base 12?
-21
1 (base 3) to base 13
1
Convert -302 (base 11) to base 9.
-445
What is 2 (base 9) in base 7?
2
What is -1110 (base 4) in base 2?
-1010100
What is 2 (base 11) in base 14?
2
What is -103 (base 4) in base 6?
-31
Convert -63 (base 7) to base 3.
-1200
What is -1 (base 15) in base 6?
-1
What is -bc (base 14) in base 7?
-325
Convert 2 (base 4) to base 8.
2
What is 435 (base 6) in base 3?
20012
12 (base 8) to base 16
a
Convert ba (base 15) to base 7.
340
What is 2 (base 11) in base 6?
2
Convert 11 (base 2) to base 16.
3
Convert 2 (base 